at are the prime factors of 103026322?
2, 7, 19, 55331
What are the prime factors of 38182591?
109, 149, 2351
List the prime factors of 216542249.
7, 11, 2812237
List the prime factors of 28997378.
2, 83, 307, 569
List the prime factors of 3693376313.
11, 19, 17671657
What are the prime factors of 835556497?
29, 103, 279731
List the prime factors of 1445772914.
2, 41, 331, 53267
What are the prime factors of 435385964?
2, 13, 353, 23719
List the prime factors of 37857382.
2, 18928691
What are the prime factors of 14642623?
61, 240043
What are the prime factors of 724174869?
3, 11, 21944693
What are the prime factors of 809354954?
2, 61, 859, 7723
List the prime factors of 152238782.
2, 641, 118751
What are the prime factors of 43541914?
2, 13, 701, 2389
List the prime factors of 1520437870.
2, 5, 7, 419, 51839
List the prime factors of 69603139.
69603139
List the prime factors of 610760854.
2, 11, 27761857
What are the prime factors of 2687334382?
2, 61, 163, 337, 401
What are the prime factors of 1385645294?
2, 11, 5725807
What are the prime factors of 2002423707?
3, 67, 1106923
List the prime factors of 134286986.
2, 37, 61, 71, 419
List the prime factors of 3938033683.
3938033683
List the prime factors of 246059496.
2, 3, 17, 53, 3793
What are the prime factors of 173186064?
2, 3, 19, 63299
List the prime factors of 52857863.
52857863
What are the prime factors of 287369432?
2, 7, 67, 191, 401
What are the prime factors of 649484515?
5, 443, 293221
List the prime factors of 5136414.
2, 3, 17, 37, 1361
List the prime factors of 10311867.
3, 61, 2087
List the prime factors of 1120769590.
2, 5, 37, 1129, 2683
What are the prime factors of 1020305103?
3, 340101701
List the prime factors of 61809813.
3, 13, 528289
List the prime factors of 93191298.
2, 3, 15531883
List the prime factors of 2187017130.
2, 3, 5, 3259, 22369
What are the prime factors of 234511966?
2, 13, 9019691
What are the prime factors of 1146468214?
2, 4079, 140533
What are the prime factors of 4045513088?
2, 31605571
List the prime factors of 34412894.
2, 17206447
What are the prime factors of 118297761?
3, 39432587
What are the prime factors of 951559157?
5981, 159097
What are the prime factors of 5042388883?
7, 4201, 171469
What are the prime factors of 31158562?
2, 1993, 7817
List the prime factors of 602207435.
5, 120441487
List the prime factors of 9534068.
2, 2383517
What are the prime factors of 1691212833?
3, 43, 1301, 3359
List the prime factors of 31121269.
31121269
What are the prime factors of 47450906?
2, 23725453
List the prime factors of 41520851.
17, 2442403
What are the prime factors of 2058080?
2, 5, 19, 677
List the prime factors of 552833315.
5, 757, 146059
What are the prime factors of 4538834525?
5, 181553381
List the prime factors of 58845571.
58845571
List the prime factors of 187659746.
2, 479, 195887
List the prime factors of 402467256.
2, 3, 89, 181, 347
What are the prime factors of 151824762?
2, 3, 83, 151, 673
What are the prime factors of 732693290?
2, 5, 7, 23, 83, 5483
List the prime factors of 387541195.
5, 19, 4079381
What are the prime factors of 215705435?
5, 11, 17, 281, 821
List the prime factors of 74071798.
2, 577, 64187
What are the prime factors of 43866684?
2, 3, 135391
List the prime factors of 564879258.
2, 3, 1162303
List the prime factors of 75250029.
3, 25083343
List the prime factors of 2108357028.
2, 3, 2111, 27743
List the prime factors of 369135242.
2, 7, 79, 333757
List the prime factors of 8246908427.
239, 34505893
What are the prime factors of 67265118?
2, 3, 3736951
List the prime factors of 702239131.
11, 63839921
What are the prime factors of 2633418378?
2, 3, 383, 42443
What are the prime factors of 471990272?
2, 13, 277
List the prime factors of 547974606.
2, 3, 107, 853543
What are the prime factors of 292621402?
2, 4219, 34679
What are the prime factors of 36065146?
2, 13, 1387121
What are the prime factors of 308410518?
2, 3, 13, 569, 6949
List the prime factors of 323443066.
2, 23, 7031371
List the prime factors of 2456823036.
2, 3, 31, 1123, 5881
What are the prime factors of 89227919?
11, 283, 28663
List the prime factors of 228362656.
2, 191, 37363
List the prime factors of 3296750280.
2, 3, 5, 173, 158803
List the prime factors of 7077952549.
41, 61, 2830049
What are the prime factors of 369827290?
2, 5, 7, 173, 30539
List the prime factors of 89173373.
71, 1255963
List the prime factors of 536970761.
19, 139, 203321
List the prime factors of 1100955698.
2, 41, 13426289
List the prime factors of 5203410069.
3, 11, 13, 59, 1699
What are the prime factors of 2775315384?
2, 3, 38546047
List the prime factors of 107131377.
3, 47, 759797
List the prime factors of 288643279.
229, 313, 4027
What are the prime factors of 2835441812?
2, 7, 101265779
What are the prime factors of 38154698?
2, 17, 19, 59063
What are the prime factors of 39547491?
3, 17, 775441
List the prime factors of 28369215.
3, 5, 7, 113, 797
List the prime factors of 665466401.
307, 2167643
What are the prime factors of 93262904?
2, 7, 1123, 1483
List the prime factors of 284100847.
284100847
What are the prime factors of 185351883?
3, 31, 1993031
List the prime factors of 4458486154.
2, 19, 31, 3784793
What are the prime factors of 14210869?
439, 32371
List the prime factors of 3688620714.
2, 3, 3739, 18269
List the prime factors of 35351596.
2, 7, 1262557
What are the prime factors of 1683858253?
7, 11, 21868289
List the prime factors of 32574621.
3, 101, 107507
List the prime factors of 4391888054.
2, 9689, 226643
What are the prime factors of 593372644?
2, 83, 1787267
List the prime factors of 4285132912.
2, 267820807
List the prime factors of 130085590.
2, 5, 19, 29, 23609
What are the prime factors of 4985607?
3, 11, 17, 8887
List the prime factors of 5042521764.
2, 3, 7, 37, 43, 12577
List the prime factors of 125003491.
7187, 17393
List the prime factors of 5953831289.
7, 121506761
What are the prime factors of 1366977548?
2, 17, 61, 329551
List the prime factors of 2575732525.
5, 103029301
What are the prime factors of 7488815?
5, 29, 51647
List the prime factors of 881968840.
2, 5, 17, 1297013
List the prime factors of 106696513.
7, 11, 31, 44699
What are the prime factors of 53117728?
2, 43, 38603
What are the prime factors of 328868640?
2, 3, 5, 269, 283
What are the prime factors of 53922443?
53922443
What are the prime factors of 4704306687?
3, 139, 1253479
What are the prime factors of 479125392?
2, 3, 9981779
What are the prime factors of 4298600939?
23, 2393, 78101
List the prime factors of 2184961589.
67, 32611367
List the prime factors of 2201683705.
5, 13, 31, 37, 29531
List the prime factors of 2930957.
31, 94547
What are the prime factors of 91124563?
271, 336253
List the prime factors of 12688574.
2, 1609, 3943
List the prime factors of 402352559.
7, 57478937
What are the prime factors of 1690261044?
2, 3, 140855087
List the prime factors of 98898030.
2, 3, 5, 7, 11, 67, 71
List the prime factors of 190135892.
2, 47533973
List the prime factors of 13639900.
2, 5, 136399
What are the prime factors of 865689068?
2, 53, 563, 7253
What are the prime factors of 199391776?
2, 17, 19, 101, 191
List the prime factors of 833557253.
61, 71, 192463
List the prime factors of 3217584192.
2, 3, 137, 122323
List the prime factors of 46447848.
2, 3, 751, 859
What are the prime factors of 2955741416?
2, 369467677
List the prime factors of 95062736.
2, 251, 23671
What are the prime factors of 20003595?
3, 5, 257, 5189
List the prime factors of 177130908.
2, 3, 673, 2437
What are the prime factors of 735099331?
16333, 45007
List the prime factors of 393782267.
61, 97, 1091
List the prime factors of 28594816.
2, 17, 773
What are the prime factors of 89225268?
2, 3, 11, 191, 3539
List the prime factors of 831319546.
2, 71, 1877, 3119
What are the prime factors of 2864789426?
2, 23, 62278031
What are the prime factors of 186030733?
7, 26575819
What are the prime factors of 663543594?
2, 3, 7, 79, 89, 107
What are the prime factors of 85533043?
53, 1613831
List the prime factors of 163291525.
5, 1871, 3491
List the prime factors of 141993882.
2, 3, 503, 15683
List the prime factors of 40400983.
7, 5771569
List the prime factors of 229664513.
